(v) = -271*v + 125*v - 4 + 244*v. List the prime factors of i(1).
2, 47
Let l = 181 - 54. Suppose -5*i + 927 = l. Suppose i = 3*g + g. What are the prime factors of g?
2, 5
Suppose 3*y + 292 = 5*y + 4*m, 3*m = 15. What are the prime factors of y?
2, 17
Let a(k) = -12*k**3 + 2*k + 1. Let i be (-8)/(-10) - (-414)/45. Let s be (i + -7)/(-3*1). List the prime factors of a(s).
11
Let x(c) = -4*c**3 + 4*c**2 - 4*c - 1. Let s be x(-4). Suppose 5*m - 135 = s. What are the prime factors of m?
2, 47
Let r(y) = 9*y**2 - 18*y - 150. List the prime factors of r(-12).
2, 3, 227
Let b(c) be the first derivative of c**3 + 7*c**2/2 + 3*c - 1. Let n(o) = o - 12. Let u be n(7). What are the prime factors of b(u)?
43
Suppose -5*p + p = -3420. List the prime factors of p.
3, 5, 19
Let b be (-1 + -45)*((-25)/(-10) - 4). Let r = b + -18. What are the prime factors of r?
3, 17
Let q be (-36)/(-21)*(-70)/(-4). Suppose 0 = -3*c + 5*h + 8, -2*h + 10 - q = -4*c. Let x = c + 9. What are the prime factors of x?
3, 5
Let q(d) = -243*d**3 - d**2 + 4*d + 4. List the prime factors of q(-1).
2, 11
Let c be 88/5 - 2/(-5). Suppose -65 = -c*r + 13*r. What are the prime factors of r?
13
Let i(x) = 37*x**2 + 5*x - 12. What are the prime factors of i(6)?
2, 3, 5
Let s be 2*(6 + -3) + -2. Suppose s - 6 = -d. Suppose -4*t + 45 = z, -d*z + 2*t + t = -112. List the prime factors of z.
53
Let l = 8 - -30. Let u = 94 - l. Let v = 80 - u. List the prime factors of v.
2, 3
Let y = -3634 + 6400. List the prime factors of y.
2, 3, 461
Let c(j) = -j**2 + 5*j. Let i be c(5). Suppose i = 5*z - z - 244. What are the prime factors of z?
61
Let l = 267 - -270. List the prime factors of l.
3, 179
Suppose 4*a = 4*r - 113 - 51, 5*a = -2*r - 240. What are the prime factors of a/4*(-16 - -10)?
3, 23
Suppose 0 = 5*v + 9 - 4. Let d(j) = 67*j**2 - j. Let l be d(v). Let b = 103 - l. List the prime factors of b.
5, 7
Let w(l) = 7*l - 21. Let f(z) = -7*z + 20. Let v = -12 - -10. Let m(h) = v*w(h) - 3*f(h). What are the prime factors of m(8)?
2, 19
Let s(f) = f**2 - f. Let c(w) = -2*w**2 - 8*w - 1. Let x(h) = -c(h) - s(h). Let q be x(-9). List the prime factors of -42*(6/(-9))/q.
2, 7
What are the prime factors of (-53 + -6 + 6)/((-2)/4)?
2, 53
Let o(z) = -z**2 + z. Let l(u) = -6*u**2 + u + 10. Let d(i) = -l(i) - 6*o(i). What are the prime factors of d(-3)?
7, 17
Let s be (-45 + 0)*(-144)/27. Suppose -7*v + s = -3*v. What are the prime factors of v?
2, 3, 5
Suppose 0 = -6*k + 2*k + 8. List the prime factors of (41/k)/(6/24).
2, 41
Suppose 4*c = -m + 12, -3*c = 2*m + 2*c - 18. Let u(d) = 8*d - 4 + 10*d - 6*d. List the prime factors of u(m).
2, 11
Let c = 172 + -98. What are the prime factors of c?
2, 37
Let s = 1729 + -1187. What are the prime factors of s?
2, 271
Let f be 3 + 15/(-3) - -3. Suppose 4*v = -2*h + f + 3, 3*v + 3 = -3*h. What are the prime factors of v?
3
Suppose -5*r + 5 = -4*r, -3*g + 5*r = 1. Let k(v) = v**2 + 9*v + 4. Let z be k(-4). List the prime factors of (-372)/z - 2/g.
23
What are the prime factors of (-3)/(33/(-44)) - (-1 - 1352)?
23, 59
Let s = 399 - 294. What are the prime factors of s?
3, 5, 7
Suppose 3*c + 10*c - 3705 = 0. Let b = -82 + c. What are the prime factors of b?
7, 29
List the prime factors of (-60)/(-80)*8196/9.
683
Let y be 165/3 + (2 - 1). Suppose -5*g + 176 = 4*f - 82, -g + y = 3*f. Let p = g - 19. What are the prime factors of p?
31
Suppose -12 - 48 = -5*s. Suppose s = 2*m - 0*m. Suppose -126 = 3*w - m*w. List the prime factors of w.
2, 3, 7
Suppose 4*u + 4 = 32. Suppose 4 = s - u. What are the prime factors of s?
11
List the prime factors of 1272 + 2 - (3 + -3)/3.
2, 7, 13
Suppose 2*v - 10 = -3*v. Suppose v*u - 4 = 0, q = -q + 4*u - 12. What are the prime factors of (-65)/(-10) - q/(-4)?
2, 3
Let x = 28 + -26. Let o = x + 37. What are the prime factors of o?
3, 13
Suppose 301 = 2*s + 77. Suppose 2*m + m - 2*u = s, 5*m - 5*u = 185. Let a = m + -22. List the prime factors of a.
2
Let r(u) be the first derivative of 61*u**5/120 - u**4/24 - u**3/3 + 11. Let v(n) be the third derivative of r(n). What are the prime factors of v(1)?
2, 3, 5
Let i = -227 - -953. Let z = i + -490. Suppose 6*w - z = 22. What are the prime factors of w?
43
Let a(m) = m**3 - 19*m**2 + m + 30. Let t(o) = o**3 - 20*o**2 + 2*o + 30. Let c(z) = -5*a(z) + 6*t(z). What are the prime factors of c(25)?
5, 41
Let g be 13189/77 - 4/14. Suppose 19 + g = 5*f. What are the prime factors of f?
2, 19
Suppose 15 + 25 = t. Suppose -2*l - 44 = l - 5*c, -2*l - t = 2*c. Let b(g) = g**3 + 18*g**2 + 3. What are the prime factors of b(l)?
3
Suppose 2 = 2*c + 4*x, c + x + 17 = -3*c. Let j(a) = -a**2 - 6*a + 3. Let s be j(c). List the prime factors of (s/(-12))/((-3)/45).
2, 5
Suppose 3745*c + 3390 = 3750*c. List the prime factors of c.
2, 3, 113
Let m(x) be the first derivative of 2*x**3/3 - 11*x**2 - 2*x - 4. List the prime factors of m(13).
2, 5
What are the prime factors of (-17)/(-102)*138/3*138?
2, 23
Let i(l) be the second derivative of 1/20*l**5 + 3*l**2 - 7*l + 13/6*l**3 - 11/12*l**4 + 0. What are the prime factors of i(10)?
2, 3
Let v(z) = 9*z**2 + 7*z. Let t be v(4). Suppose -4*f = -8*f + t. What are the prime factors of f?
43
Suppose 0 = -3*v + 204 + 3699. List the prime factors of v.
1301
Suppose -7*v + 4 = -6*v. Suppose -d + 546 = v*i, -3*i - 5*d - 126 = -4*i. What are the prime factors of i?
2, 17
Let c be (0 + 8/(-12))*-36. List the prime factors of 4/c*826 + 6/(-9).
137
Suppose 2*p - 5*a = 252, p = -7*a + 9*a + 127. What are the prime factors of p?
131
Let x = 2752 + 65. List the prime factors of x.
3, 313
What are the prime factors of -10 + 5/((-10)/(-582))?
281
Suppose v = 3*v - 3*r - 318, -3*v + 2*r = -472. Suppose -4*z - z = -f + v, 4 = 4*z. List the prime factors of f.
7, 23
Suppose 5*b = 4*q - 8080, 0 = -18*b + 20*b. List the prime factors of q.
2, 5, 101
Let h(k) = k - 45. Let z be h(7). Let d = 22 - z. List the prime factors of d.
2, 3, 5
Let n(g) = 2 - 15*g - 4*g**3 + 37*g + 3*g**2 - 23*g. Let x be n(-2). List the prime factors of x/80*(-85)/(-1).
3, 17
Let x = 1251 + -503. What are the prime factors of x?
2, 11, 17
Let c(k) = k**2 - 5*k + 5. Let g be c(5). Suppose -g*p - 112 + 7 = 0. Let f = p - -26. List the prime factors of f.
5
Suppose 0 = 3*g - 4*g + 4*s + 1798, 3*g - 4*s - 5386 = 0. List the prime factors of g.
2, 3, 13, 23
Suppose 0 = -19*c + 6*c + 27313. List the prime factors of c.
11, 191
Let k(q) = -230*q + 21. Let t be k(2). Let c = -151 - t. List the prime factors of c.
2, 3
Let k be (-8)/60 + (-2468)/(-60). Let l be (-4)/(-10) + 82/(-5). Let f = l + k. List the prime factors of f.
5
Let f(j) be the second derivative of -j**3/6 + 9*j**2 + 4*j. Let k be f(6). Suppose -i - k = -16. List the prime factors of i.
2
Suppose -a = 4*a + 4*k + 124, -47 = 2*a - k. Let p = a - -23. List the prime factors of -1*(3 + p) + 37.
5, 7
Let i(p) = -5*p**3 - 1. Suppose 5*q - 5*n - 30 - 15 = 0, -4*q - 5*n = -18. Suppose 0 = -5*f + 3*y - 2, q*f = 4*f - 4*y - 7. List the prime factors of i(f).
2
Let g(f) = 3*f**2 + 18*f - 21*f**2 + 6*f**2 - f**3 - 15. List the prime factors of g(-14).
5
Let r(c) = -c**3 - 41*c**2 - 28*c - 121. List the prime factors of r(-41).
13, 79
Suppose 0 = -35*g + 30*g + 10, -g + 3690 = 2*w. What are the prime factors of w?
2, 461
Let z(p) = 330*p - 316. List the prime factors of z(7).
2, 997
Let s(z) = -3*z**3 + 25*z**2 + 17*z + 41. Let x(u) = -2*u**3 + 13*u**2 + 9*u + 21. Let c(i) = 3*s(i) - 5*x(i). List the prime factors of c(-9).
3, 5
Let u(q) = 6*q - 16. Let c be u(4). Let r(t) = -t**3 + 9*t**2 - 4*t + 7. List the prime factors of r(c).
3, 13
Let r = 43 - -86. List the prime factors of r.
3, 43
What are the prime factors of 1 + 7/(-8) - 517371/(-1896)?
3, 7, 13
Let n(l) = l**3 + 8*l**2 + 3*l - 3. Suppose -9*v = -7*v - 114. Let t be (-3)/(-9) + v/(-9). List the prime factors of n(t).
3, 17
Let n(u) = -2*u**3 + 17*u**2 + 12*u - 21. Let x be n(9). Suppose -3*o = x, o = -6*i + 3*i + 451. List the prime factors of i.
151
Suppose -2*l = -2*y + 866, 2*y - 5*l = -0*y + 881. List the prime factors of y.
2, 107
Let n = 3 - 1. Let c(i) = -i + n - 3*i**2 - 8 - 2*i + 0*i**3 - i**3. List the prime factors of c(-3).
3
Suppose 9263 = 26*t - 9535. What are the prime factors of t?
3, 241
Sup